7001 a multiple of 9?
True
Is 10243 a factor of 1077057598?
False
Is 215827125 a multiple of 75?
True
Does 164 divide 39970331?
False
Is 729 a factor of 105870481?
False
Is 24039650 a multiple of 167?
True
Does 10 divide 579482360?
True
Is 1089 a factor of 881618463?
True
Is 2106 a factor of 830602188?
True
Is 42379118 a multiple of 1564?
False
Is 488 a factor of 507450704?
True
Is 73 a factor of 136011753?
False
Is 18 a factor of 1387818486?
True
Does 3332 divide 449307724?
False
Does 4488 divide 409031832?
True
Does 45 divide 74659050?
True
Does 13 divide 39097864?
True
Does 549 divide 698516970?
False
Is 778 a factor of 350446988?
True
Is 32 a factor of 173839513?
False
Does 28 divide 275404556?
True
Does 323 divide 1645849376?
False
Does 12 divide 4882189?
False
Is 176403016 a multiple of 30?
False
Does 104 divide 331536?
False
Is 71032966 a multiple of 33?
False
Does 19 divide 287772917?
True
Is 40388142 a multiple of 353?
True
Does 149 divide 959314461?
False
Is 14 a factor of 56797580?
True
Is 3603 a factor of 3972600467?
False
Does 8 divide 132201099?
False
Does 1407 divide 129918159?
True
Is 4199774400 a multiple of 216?
True
Is 212186304 a multiple of 122?
True
Is 201606156 a multiple of 14?
False
Does 218 divide 1019088742?
True
Is 894 a factor of 12137011?
False
Does 225 divide 52970625?
True
Is 393217457 a multiple of 327?
False
Does 6 divide 4134774?
True
Is 57 a factor of 7801133?
False
Is 46340661 a multiple of 137?
True
Is 29483744 a multiple of 2732?
True
Is 435499902 a multiple of 8?
False
Is 1863 a factor of 79456950?
True
Is 832556 a multiple of 1430?
False
Is 547869547 a multiple of 123?
False
Is 689 a factor of 88514452?
True
Is 7670778 a multiple of 314?
False
Is 8826885 a multiple of 232?
False
Is 305 a factor of 57430694?
False
Is 192 a factor of 463487616?
True
Does 497 divide 1862654880?
False
Is 712 a factor of 1016919696?
True
Does 5 divide 13973295?
True
Is 863 a factor of 24295176?
True
Does 49 divide 25851132?
False
Does 816 divide 92390907?
False
Does 54 divide 19997651?
False
Is 10205196 a multiple of 327?
False
Does 12 divide 651695?
False
Is 42 a factor of 314006448?
True
Does 4219 divide 563257595?
True
Is 451 a factor of 13564727?
True
Is 1401 a factor of 207943425?
True
Is 20 a factor of 107769280?
True
Is 2230 a factor of 61808928?
False
Does 297 divide 2449560960?
True
Does 19 divide 13765261?
False
Does 156 divide 28083719?
False
Does 110 divide 1265440990?
True
Is 25318827 a multiple of 87?
True
Is 111141701 a multiple of 6?
False
Is 40979376 a multiple of 368?
True
Does 401 divide 70989030?
True
Is 613744565 a multiple of 1645?
True
Is 78757326 a multiple of 6?
True
Does 987 divide 116558792?
False
Is 17271694 a multiple of 187?
True
Is 409394358 a multiple of 3669?
True
Is 474699817 a multiple of 12?
False
Is 13636584 a multiple of 34?
True
Does 3 divide 117747398?
False
Is 23792945 a multiple of 85?
True
Is 62200140 a multiple of 30?
True
Does 16 divide 42245584?
True
Is 13 a factor of 43523041?
False
Is 1441253864 a multiple of 7001?
True
Does 108 divide 6966648?
True
Is 12 a factor of 98412309?
False
Does 22 divide 122078?
True
Does 185 divide 1659956?
False
Does 62 divide 678184272?
True
Is 602226359 a multiple of 433?
True
Does 64 divide 99418651?
False
Is 109 a factor of 26854601?
False
Is 356573455 a multiple of 165?
False
Is 1939 a factor of 582332114?
True
Is 619 a factor of 653985482?
False
Is 432834908 a multiple of 242?
True
Is 76728270 a multiple of 1186?
True
Does 109 divide 65508564?
True
Is 781866058 a multiple of 279?
False
Is 11 a factor of 668804982?
False
Is 5566 a factor of 617942886?
True
Does 2591 divide 252933420?
True
Is 517372224 a multiple of 16?
True
Is 62 a factor of 6009474?
True
Is 1748 a factor of 1305278796?
True
Is 8 a factor of 86732735?
False
Is 33611989 a multiple of 191?
True
Does 221 divide 50355955?
True
Is 6 a factor of 131867278?
False
Is 10 a factor of 4356380?
True
Is 41915380 a multiple of 260?
True
Is 20758240 a multiple of 920?
False
Is 5608380368 a multiple of 1528?
True
Does 7451 divide 610765921?
True
Is 465363282 a multiple of 7?
False
Is 54 a factor of 22369594?
False
Is 199119263 a multiple of 79?
True
Is 1167702228 a multiple of 532?
True
Does 155 divide 16692741?
False
Is 183808647 a multiple of 92?
False
Is 166891570 a multiple of 4?
False
Is 67 a factor of 2928237?
False
Is 776163235 a multiple of 337?
True
Does 59 divide 77907966?
True
Does 481 divide 25614693?
True
Is 241 a factor of 67818924?
False
Does 2165 divide 189376266?
False
Does 322 divide 18446092?
True
Does 20 divide 203814280?
True
Does 238 divide 244630204?
True
Is 20 a factor of 312506420?
True
Is 473 a factor of 39720495?
False
Is 728992172 a multiple of 821?
True
Is 2416 a factor of 27001216?
True
Is 41091909 a multiple of 3?
True
Does 27 divide 144234933?
False
Is 911979306 a multiple of 6?
True
Is 1078866 a multiple of 74?
False
Does 2184 divide 1435360444?
False
Is 148870050 a multiple of 21?
True
Is 4384 a factor of 202808224?
True
Does 2563 divide 244412806?
True
Does 2795 divide 653703683?
False
Is 264 a factor of 545158680?
True
Does 156 divide 69033588?
True
Is 45 a factor of 986849145?
True
Is 129665698 a multiple of 382?
True
Is 80763336 a multiple of 2153?
True
Is 54 a factor of 31259304?
True
Is 14 a factor of 108371020?
False
Does 132 divide 592251257?
False
Is 7220995 a multiple of 4?
False
Is 276 a factor of 1090000452?
True
Does 1440 divide 34642867?
False
Is 5413153 a multiple of 96?
False
Is 6 a factor of 48453570?
True
Is 142 a factor of 100518534?
True
Is 16 a factor of 27199616?
True
Is 601144340 a multiple of 3805?
True
Is 626 a factor of 77754456?
False
Does 511 divide 8718171?
True
Is 497804431 a multiple of 116?
False
Does 26 divide 20411040?
True
Is 115006463 a multiple of 810?
False
Does 2657 divide 64331284?
True
Does 103 divide 1438409935?
True
Does 36 divide 778416516?
True
Is 19 a factor of 3349086?
False
Is 408 a factor of 79821935?
False
Is 24661028 a multiple of 246?
False
Does 2393 divide 28282867?
True
Does 12 divide 4776960?
True
Does 2 divide 6833635?
False
Is 1341 a factor of 54394983?
True
Does 74 divide 28446710?
True
Is 7 a factor of 28412138?
False
Is 59161011 a multiple of 413?
True
Is 96879986 a multiple of 221?
False
Is 554458700 a multiple of 1150?
True
Does 3882 divide 75264216?
True
Is 38 a factor of 240168986?
False
Is 423690855 a multiple of 197?
True
Is 4450707 a multiple of 81?
True
Is 526832088 a multiple of 24?
True
Is 32078477 a multiple of 59?
True
Is 3627 a factor of 1134115749?
True
Is 18 a factor of 184092084?
True
Does 504 divide 45817632?
True
Is 19662260 a multiple of 20?
True
Does 419 divide 180727270?
True
Is 309061286 a multiple of 10?
False
Is 10 a factor of 15453870?
True
Is 857 a factor of 60370645?
False
Does 441 divide 342167931?
True
Is 138313095 a multiple of 15?
True
Is 269 a factor of 244742743?
False
Does 15 divide 464858490?
True
Is 41519104 a multiple of 4857?
False
Does 3417 divide 58919331?
True
Is 22 a factor of 47947383?
False
Is 329 a factor of 29373449?
True
Is 936265944 a multiple of 11?
False
Is 14 a factor of 5932934?
True
Is 973044971 a multiple of 219?
False
Is 90 a factor of 1778670550?
False
Is 121 a factor of 402527?
False
Is 99324428 a multiple of 14?
True
Is 33876722 a multiple of 114?
False
Is 147 a factor of 98548442?
False
Is 1021900260 a multiple of 109?
False
Is 98014560 a multiple of 240?
True
Is 287239445 a multiple of 412?
False
Is 29155712 a multiple of 2404?
True
Does 6494 divide 181832?
True
Does 4376 divide 2216465891?
False
Is 277 a factor of 10645664?
True
Is 39 a factor of 41641404?
False
Is 205 a factor of 23153520?
True
Is 5 a factor of 35419825?
True
Does 31 divide 15283651?
True
Is 52 a factor of 2278617692?
True
Does 50 divide 1055904?
False
Is 600 a factor of 90910745?
False
Does 103 divide 43411396?
False
Is 377670084 a multiple of 44?
True
Is 20863328 a multiple of 313?
True
Is 8 a factor of 418448227?
False
Does 68 divide 33498208?
False
Is 5 a factor of 11217416?
False
Does 406 divide 56100420?
False
Is 22403872 a multiple of 8?
True
Is 4164093289 a multiple of 504?
False
Is 89604004 a multiple of 39?
False
Is 22797674 a multiple of 16?
False
Does 22 di